
3
Let r(l) = 6 - 3*l**2 + l**2 + 5*l**2 - 4*l - 2*l**2. What is r(3)?
3
Let j = 42 + -42. Let g(i) = -44*i + 43*i - 8*i**2 + j*i**2. Calculate g(1).
-9
Let i(m) = -3*m + 5. Suppose -5*x = -6 + 16. Let h(b) be the third derivative of 5*b**4/24 - 11*b**3/6 + 14*b**2. Let l(a) = x*h(a) - 5*i(a). Determine l(2).
7
Let z(t) = t**3 + 5*t**2 - 4*t + 7. Let f(x) = 4*x**3 - x**2 - x - 1. Let s be f(2). Suppose -12*q = -s*q - 78. What is z(q)?
-5
Let o(v) be the third derivative of -v**5/60 - 13*v**4/24 - 14*v**3/3 + 361*v**2 + 2*v. Determine o(-7).
14
Let c(r) be the third derivative of -3*r**5/20 - r**4/24 + r**3/6 + 102*r**2. What is c(1)?
-9
Let i = -337 + 323. Let s(z) = -z**2 - 13*z + 13. Give s(i).
-1
Let f(t) = -t - 5. Let d(m) = -m**2 + 18*m - 27. Let u be d(15). Let j = -8 - -32. Let v = u - j. Calculate f(v).
1
Suppose 2*c - 40 = -2*c. Let h(t) = c*t - 5 - t + 4*t**3 - 8*t. Let z(o) = 12*o**3 + 3*o - 14. Let g(y) = -11*h(y) + 4*z(y). Determine g(1).
4
Let r = 15 - 11. Let o(u) be the second derivative of -u**3 + u**2 + 64*u + 2. Calculate o(r).
-22
Let r(g) = g**3 + 9. Suppose -118 = 5*y + 32. Let o be y/20*(-26)/3. Let p = -13 + o. Determine r(p).
9
Let s(w) = -w**2 - 3*w - 1. Let m(v) = 2*v**3 - 2*v**2 - v. Let b be m(-1). What is s(b)?
-1
Let u(w) = -w**3 - 22*w**2 + 21*w - 51. Let l(g) = 40*g - 823. Let f be l(20). Give u(f).
-5
Let f(t) be the first derivative of t**4/4 - 5*t**3/3 - 3*t**2 - 6*t - 70. Calculate f(6).
-6
Suppose 0 = -3*d - 0*d - 3*n + 6, 5 = n. Let u(i) = -2*i**2 - 3*i - 2. Determine u(d).
-11
Let j(r) = -r + 2. Let o = -1 + 5. Let p be -9 + (4 - -1) - (-1 - 3). Suppose o*c + 5*h = -p - 16, -3*c - 12 = 2*h. Determine j(c).
6
Let r(k) be the second derivative of k**3/3 + k**2/2 + 2*k. Suppose 6*n - 2*n + 5*w - 48 = 0, -3*w + 73 = 5*n. Suppose 5*m = 8 + n. What is r(m)?
11
Suppose 7*j + 11 = -52. Let r(g) = -g - 5. What is r(j)?
4
Let q(f) be the second derivative of f**5/5 + f**4/6 - f**3/3 + f**2/2 - 2*f. Suppose -9 = 32*d - 41. Calculate q(d).
5
Let f(p) = 5*p + 54 - 16*p + 7*p + 7*p + 6*p. Determine f(-5).
9
Suppose 13*v = 4*v - 54. Let a(m) = -4*m - 8. Let x(y) = -1. Let r(f) = 2*f + 1. Let n(u) = -r(u) + 3*x(u). Let z(t) = -6*a(t) + 13*n(t). Determine z(v).
8
Let j = -214 + 209. Let o(f) = -f - 6. Calculate o(j).
-1
Let s = -15 - -17. Let b(k) = 2*k + 124*k**2 - 250*k**2 + 119*k**s - k. Determine b(-1).
-8
Let s = 264 + -254. Let m(l) = -l**3 + 11*l**2 - 9*l - 10. Determine m(s).
0
Let s(i) = -i - 1. Let m be (1 + -31)*(-3 + 2). Suppose -10*c + m = -5*c. Determine s(c).
-7
Let m(r) = r - 7. Let s(a) be the first derivative of a - 4. Suppose -27 = 4*x - 11, -b = x + 2. Let q(k) = b*m(k) + 10*s(k). Determine q(3).
2
Let d(k) = k**3 + 8*k**2 - 8*k + 12. Let m be d(-9). Let j(o) = o**2 + 4*o + 2*o**2 + 3 + m - 4*o**2. Give j(6).
-6
Let j be (-3)/(3/(-3 - 0)). Suppose 173 = 5*p + r, 2*p - 4*r = -j*p + 158. Suppose 5*z - 3*k = -p, -k + 19 = -2*z + 2*k. Let f(w) = -w - 4. Determine f(z).
1
Suppose -4*o + 28 - 8 = 4*m, -4*m - 16 = -5*o. Suppose -5*v = -v. Let t(c) = 38 - 37 + 0*c + v*c + 3*c**2. What is t(m)?
4
Let i(v) be the third derivative of v**4/12 - v**3/2 - 16*v**2. Let h be 14/63*9 + -1 + 1. Determine i(h).
1
Let c(k) = -k - 2. Let o(l) = l**2 - l + 8. Let g be o(-6). Suppose 3*w + 2*w - g = -2*d, 2*w - 20 = d. Give c(w).
-12
Let u(j) = -16*j**3 - 39*j**2 - 62*j + 6. Let i(f) = -3*f**3 - 8*f**2 - 12*f + 1. Let q(r) = 11*i(r) - 2*u(r). Calculate q(-9).
-10
Let q = -268/3 - -179/2. Let p(j) be the second derivative of 0 - 8*j + q*j**3 + 2*j**2. Give p(-7).
-3
Let s(x) = -18*x**2 + 44*x + 4 - 49*x + 11*x**2 - x**3. Let d(l) = -7*l + 1. Let y = 3 - 2. Let i be d(y). Calculate s(i).
-2
Let i = 344 + -340. Let j(z) = z**2 - 5*z + 2. Determine j(i).
-2
Suppose 4*t - 3*s = -0*s + 16, -5*t - 3*s - 7 = 0. Let m be t/(-3) - 22/6. Let f(b) = 62*b + 69*b + 4 - 130*b. What is f(m)?
0
Suppose -4*o = -2*s + 24, 4*o = 3*s - 27 - 9. Let r(g) = -g + 17. Let q be r(s). Let p(v) = 4 - q*v**2 + 8*v**3 + 3*v - 7*v**3 + 0*v. Determine p(4).
0
Let i = -57 + 61. Let k(w) = -w**3 + 4*w**2 + 5. Calculate k(i).
5
Suppose -3*j - 1590 + 1629 = 0. Let i(q) = -q**2 + 16*q - 36. Determine i(j).
3
Let y(d) be the third derivative of -d**5/20 + d**4/12 - d**3/6 - d**2. Let l = -133 + 134. Let c be y(l). Let v(p) = -p - 1. Calculate v(c).
1
Let r be 35/11 - (-8)/(-44). Let b(z) be the third derivative of 1/10*z**5 + 1/2*z**r - 1/24*z**4 - 1/120*z**6 + 0 + 0*z + 3*z**2. Calculate b(6).
-3
Let k(v) = -v - 7. Let m be k(-12). Let x(u) = u - 3*u**2 + m*u**2 + 5*u**2. Suppose 0 = -3*c - 6 + 3. Calculate x(c).
6
Let m(s) = -3*s + 1. Suppose 130 = 23*g - 10*g. Suppose 36 = -g*t + 22*t. Give m(t).
-8
Let g(d) = -d**3 + 4*d**2 + 6*d - 4. Let t(k) = -2*k**2 - 10*k. Let j be t(-4). Let c(z) = 2*z**2 - z + 1. Let p be c(1). Let r be 80/j*1/p. Give g(r).
1
Let u(t) = -t**2 + t - 3. Let i be u(0). Suppose 2*n + 5*b - 2*b = 3, -5*b - 15 = 0. Let m(g) = -n*g + 3*g - 2 + 5*g. Determine m(i).
-8
Let c(o) be the third derivative of -1/30*o**5 + 1/4*o**4 + 0*o + 0 + 5/6*o**3 - 5*o**2. What is c(5)?
-15
Let s(h) = 2*h**2 + 3*h + 1. Let t(c) be the second derivative of -2*c**4/3 - 2*c**3 - 2*c**2 - 4*c. Let o(n) = 9*s(n) + 2*t(n). Determine o(-2).
3
Let c(d) = -4*d + 1. Suppose -i - 116 = -30*i. Calculate c(i).
-15
Let x(k) = k**3 - k**2 - k. Let y(m) = -8*m**3 + 9*m**2 + 10*m - 2. Let v(o) = -6*x(o) - y(o). Give v(3).
17
Let t(x) be the third derivative of x**6/120 + x**5/10 - 2*x**3/3 - x**2 - 2. What is t(-6)?
-4
Let q be 4*21/112 + 33/4. Let l(k) = -k**3 + 10*k**2 - 11*k + 5. What is l(q)?
-13
Let k(v) = 20*v + 10. Let m(f) = 9*f + 5. Let j(l) = -4*k(l) + 9*m(l). Let b(i) = -i**2 + 6*i - 3. Let c be b(6). Calculate j(c).
2
Suppose 10 = 17*a - 7. Let l(r) = 7*r**2 + 5*r - 5. Let v(o) = -o**2 - o + 1. Let t(d) = -l(d) - 6*v(d). What is t(a)?
-1
Let s(f) = -23*f**3 - f**2 + f + 1. Suppose -3*x + 3*w - w = 1, x - 1 = 2*w. Determine s(x).
22
Let s(c) be the first derivative of 13*c**3 - c**2 - c - 611. Determine s(-1).
40
Let t(s) = -11*s - 10*s**3 + 11*s**2 - s**2 + 8*s**3 + 3*s**3 + 0*s**2. Calculate t(-11).
0
Let p(s) = 2*s - 13*s - 8 + 11 - s**2 + 10*s. Calculate p(4).
-17
Suppose 4*f - 76 = -2*i, -3*i + 42 = 2*f - 0*i. Suppose 0 = -z - 2*z + f. Let u(k) = -k + 13. Let h be u(z). Let v(d) = d**3 - 7*d**2 + 3*d - 10. What is v(h)?
11
Let f(i) = 4*i**2 - 1 + 66*i + 66*i + i**3 - 133*i. Determine f(-4).
3
Let k(i) = i**3 - 2*i**2 - i - 1. Let m(s) = -s**3 + 11*s**2 + 13*s - 12. Let b be m(12). What is k(b)?
-1
Let q(k) = -k**3 + 5*k**2 - 7*k + 1. Suppose -3*d + 0 = -9. Let p be q(d). Let r(w) = -3*w**3 - w**2 - 2*w - 3. Calculate r(p).
21
Suppose -n + 5 = -0. Suppose 0 = -r + 3 - 1. Let m(g) = g**3 - g**r + 6 + g**2 - 2*g**2 - 3*g**2. What is m(n)?
6
Let j(m) be the first derivative of -m**3/3 - 2*m**2 + 3*m - 68. Determine j(-3).
6
Let g(s) = -s**2 + 27*s - 105. Let t be g(5). Let u(j) = -j**2 + 3*j + 6. Determine u(t).
-4
Let f = -49 - -51. Suppose 3*c + 25 = -4*a, -a - 4*c - 24 = f*a. Let u(v) = -2*v - 2. Determine u(a).
6
Let b(w) be the second derivative of -w**3/3 + w**2 - 16*w. Let j(p) = -p**2 - 9*p + 4. Let m be j(-9). Suppose 2*i = 3*i - m. What is b(i)?
-6
Let f(i) be the third derivative of -2/3*i**3 + 0*i + 0 + 8*i**2 + 7/24*i**4. What is f(4)?
24
Let y(k) be the first derivative of -k**3/3 + 7*k**2/2 - 2*k + 72. Let w be (-2 - -1) + 2 - -1. Let a be w*(-6)/(-4)*2. Determine y(a).
4
Let g(j) be the third derivative of j**5/60 + j**4/4 - j**3/2 + 100*j**2 + 1. Suppose -5*m + 24 = -6. Suppose -m - 12 = 3*p. Calculate g(p).
-3
Let v(w) = 2*w + 15. Let g(m) = -m - 13. Let t(l) = -4*g(l) - 3*v(l). Calculate t(-6).
19
Let n(d) = -d**3 + 3*d**2 - 5*d - 2. Suppose -36*p = -24*p - 48. Give n(p).
-38
Let w(v) = -v**2 + 6*v + 7. Suppose a + 5*q = q - 3, -2 = 2*q. Let l(y) = 7*y**2 + y - 2. Let g be l(a). Determine w(g).
7
Suppose 5*x + 3 = 2*h - 21, 0 = -h + x + 12. Let f be 20/(-3)*h/(-10) + -1. Let r(z) = -z**2 + 6*z + 9. Calculate r(f).
2
Let m(d) = -5*d**3 - 7*d**2 - 9*d - 10. Let v(k) = -4*k**3 - 6*k**2 - 7*k - 9. Let b(i) = 3*m(i) - 4*v(i). What is b(-3)?
3
Let x(w) be the first derivative of -w**2/2 + 9*w - 2. Suppose 12*u = -13*u + 100. What is x(u)?
5
Let m(